 = -7*l + 22 - 8. Let z(o) = -8 + 8*o**l + 5*o**2 - 5*o - 6*o**2 - o**3. Give z(6).
-2
Let t(d) be the first derivative of -d**6/120 + d**5/60 + d**4/8 - d**3/6 + d**2 - 2*d - 33. Let s(g) be the second derivative of t(g). What is s(3)?
-10
Let x(o) = -5*o - 33. Let s = 759 + -771. Give x(s).
27
Let n(g) = 2*g**3 + 0*g**2 + 0*g**3 - 8*g**2 - 8*g - 3*g**3 - 7. Let k = -11014 - -11008. What is n(k)?
-31
Let n(h) = 9*h - 110. Let x(u) = 4*u - 62. Let b(z) = -6*n(z) + 11*x(z). Determine b(-1).
-12
Let g(j) be the third derivative of -5*j**4/24 + 9*j**3/2 + 3427*j**2. Give g(11).
-28
Let x = 8404 - 8418. Let a(p) = p**2 + 11*p + 5. Give a(x).
47
Let w(g) = -14*g - 94. Let b(n) = 26*n + 186. Let h(x) = -3*b(x) - 5*w(x). Give h(-9).
-16
Let w(t) be the third derivative of -t**5/60 + t**4/2 + 10*t**3 - 81*t**2. Let m be w(16). Let o(n) = n**3 + 5*n**2 + 6*n. Calculate o(m).
-8
Suppose -319*a + 32 = -5*h - 320*a, h + 3*a = -26. Let k(q) = q**3 + 7*q**2 - q - 50. Calculate k(h).
5
Let c(g) be the third derivative of -g**6/120 + g**5/12 + g**3 + g**2. Let q be (((-63)/(-15))/(-7))/(3/15). Let n be 6/q*155/(-62). Calculate c(n).
6
Let l(h) be the first derivative of 2*h**3/3 - h**2/2 - h - 67. Let s be (-5)/1 + 21/3. Determine l(s).
5
Suppose 0 = -17*c - 12 + 131. Let a(w) = 1 + 5*w**2 - 15 - 2*w**3 - 31*w + 58*w. Let t(z) = -z**3 + 2*z**2 + 14*z - 7. Let j(s) = 4*a(s) - 7*t(s). What is j(c)?
14
Let c(d) be the second derivative of d**4/12 + 25*d**3/6 + 17*d**2 + 4*d - 316. Calculate c(-22).
-32
Let n(l) = -l**3 - 15*l**2 + 2*l + 18. Let j be n(-15). Let c(g) = -g - 13. Let p be c(j). Let z(h) = 11*h - 1. Give z(p).
-12
Let l(z) = -z**2 - 6*z - 3. Let i(c) = 19*c**2 + 15*c + 6. Let v(d) = i(d) + 2*l(d). Determine v(-2).
62
Let b(s) = -5*s + 19. Let l = -8 - -7. Let z be (-20)/16*-4 + 1 + l. Let w be b(z). Let y(j) = -2*j - 5. Determine y(w).
7
Let o(f) = -5*f**2 + 5*f + 9. Let a = -189 - -187. What is o(a)?
-21
Let d(j) = -j**3 + 11*j**2 - 7*j - 5. Let u(s) = 9 + 3*s**3 + 7 + 31*s + 31*s - 42*s - 32*s**2. Let v(c) = 8*d(c) + 3*u(c). Give v(7).
-13
Suppose 2*p = -3*i + 2, 22*p = -i + 21*p + 1. Let s(q) = q + 32. Let w(c) = 11. Let t(r) = 2*s(r) - 7*w(r). What is t(i)?
-13
Let m be 1/((-2)/84*-6). Let q(d) = d**3 - 6*d**2 - 8*d - 1. Calculate q(m).
-8
Let y be (-3)/(-21) - 4209/(-427). Let j(v) = 4*v - 49. Calculate j(y).
-9
Let l be (-12)/(-132) + (-360)/88. Let a = -8 + 11. Let k(p) = -p**2 + 0 - 2 + 6 - a*p. Calculate k(l).
0
Let r be 474/54 + (-22)/(-99). Let b(w) = -r + w - 8 + 19. Give b(6).
8
Let v be -2 + 4 + (0 - 6/3). Let i(x) = -x - 3. Let l be i(-6). Let p(b) = l - b - 5 - b + v*b. Calculate p(5).
-12
Let n(p) = 3*p**3. Let s(b) = -53*b**3 + 2*b - 1. Let r(k) = -5*n(k) - s(k). Let q be ((-3)/(-6))/((-3)/(-6)). Give r(q).
37
Let h(i) = -4*i**3 + 10*i**2 + 5*i + 28. Let f(k) = -2*k**3 + 6*k**2 + 2*k + 11. Let r(b) = -7*f(b) + 3*h(b). Calculate r(5).
-38
Suppose -3*r - 55 = m, 10*r + m = 13*r + 65. Let z be (25/20)/(5/r*-1). Let p(b) = -b - 5. What is p(z)?
-10
Let j(s) = -s**2 + 5*s - 5. Let d = -38 - -35. Let y(b) = 6*b + 23. Let c be y(d). What is j(c)?
-5
Let k(r) = -8*r + 12. Let a(y) = 16*y - 26. Let o(c) = -6*a(c) - 13*k(c). Give o(1).
8
Let w(u) be the second derivative of -u**4/12 - 13*u**3/6 - 23*u**2/2 + 2*u + 608. What is w(-11)?
-1
Let w(o) be the third derivative of o**5/30 - 7*o**4/24 + 7*o**3/6 - 6909*o**2. Calculate w(4).
11
Let c(p) = p - 9. Let j(i) = -8. Let r(n) = -5*c(n) + 6*j(n). Let g = -22 + 23. Let f be -4 + 0 + (g - -1). Give r(f).
7
Let h(x) = -3*x + 3. Let t(l) = -140*l + 140. Let u(w) = -18 + 3*w - 10*w + 25. Let p(d) = -6*t(d) + 119*u(d). Let q(j) = 5*h(j) + 2*p(j). Calculate q(-6).
7
Let q(u) = -u**3 - 6*u**2 + 6*u - 12. Suppose 5*c + 5*m - 55 = 0, 3*m + 3 = -0*m. Suppose 0 = 2*g + c*g + 98. Calculate q(g).
-5
Let o = 108 - 58. Let z(g) = 10 - 35*g - 26*g - g**2 + o*g + 0*g**2. What is z(-12)?
-2
Let m(b) = -2*b**3 - 9*b**2 - 4*b + 5. Let g(z) = 340*z - 3744. Let v be g(11). Give m(v).
5
Let y(i) = 56*i + 220. Let r be y(-4). Let m(u) = 29*u + 17. What is m(r)?
-99
Let g(c) be the first derivative of -c**3/3 - 17*c**2/2 + 72*c - 1. Let m(i) be the first derivative of g(i). Give m(-10).
3
Let j(o) = 18*o - 15. Let n(s) = -38*s + 31. Let r(g) = -5*j(g) - 2*n(g). Let f(c) = -10*c + 12. Let u(q) = -4*f(q) + 3*r(q). Give u(-5).
1
Let d(y) = -3*y**2 - 17*y + 20. Let l(f) = -f**2 - 6*f + 6. Let c(p) = -6*d(p) + 17*l(p). What is c(8)?
46
Let m = -203 - -209. Let z(b) = -35*b**3 + b**2 + b. Let i be z(-1). Suppose m*c = c + i. Let y(w) = w - 14. Calculate y(c).
-7
Let b(j) = -2*j - 13. Let t(q) = -q - 9. Let x(c) = 5*b(c) - 8*t(c). Let g(d) = -107*d**2 + 54*d**2 + 54*d**2 - 3. Let r be g(3). Give x(r).
-5
Let v(r) be the second derivative of -r**5/60 + r**4/6 + 4*r**3/3 - 13*r**2/2 - 2*r - 11. Let m(j) be the first derivative of v(j). Determine m(6).
-4
Suppose 61*x - 249 + 72 = 67. Let r(o) = 18*o - 65. Calculate r(x).
7
Let q(o) be the third derivative of -11*o**4/24 - o**3/3 + 44*o**2. Let c be q(0). Let m(f) = 3*f**2 - 3*f - 3. What is m(c)?
15
Let i(c) = -2*c**3 - 2*c**2 + 3*c - 2. Let q = -3206 - -3207. Determine i(q).
-3
Let x be 16 - (0/1 + 3). Let m = x - 7. Suppose m*v + 4 = 2*v. Let y(t) = -t**2. Determine y(v).
-1
Let d(g) = 13*g + 515. Let s(v) = 12. Let u(w) = -d(w) + 7*s(w). What is u(-34)?
11
Let g(r) be the third derivative of 0 - 1/6*r**3 + 2*r + 1/2*r**4 + r**2. Suppose 4*c + 5*y = -4, -c = -0*c + 5*y + 1. Determine g(c).
-13
Let x = -200 - -196. Let o(q) = q. Let a(n) = 2*n + 2. Let g(j) = x*o(j) + 3*a(j). Calculate g(-7).
-8
Let x(z) be the first derivative of 11*z**2/2 - 92*z + 7339. What is x(9)?
7
Let r(q) = -37*q**2 - 71*q - 7. Let y(u) = -76*u**2 - 149*u - 15. Let z(c) = -13*r(c) + 6*y(c). What is z(-1)?
-3
Let x(b) = -5*b - 4. Suppose 0 = 11*n - 10*n - 2*s + 8, -s - 1 = 2*n. Let l(d) = d - 2. Let i(c) = n*l(c) - x(c). What is i(4)?
20
Let d(y) = -12*y + 13. Let j be (-21 - -14 - -6)*-11. What is d(j)?
-119
Let z(x) = -16*x - 15. Let r = -3046 + 3050. Give z(r).
-79
Suppose 6 = -6*h + 8*h. Let b(z) be the first derivative of z**3/3 - 5*z**2/2 + 2*z - 12. What is b(h)?
-4
Let t(d) = 37*d + d**2 - 7*d + 9 - 24*d + 2*d**2 + 0*d**2. Calculate t(-2).
9
Let p(l) = -35*l**3 - 79*l + 69*l**3 - 35*l**3 + 10 + 78*l + 5*l**2. What is p(4)?
22
Let p(o) = -o**3 + 2*o**2 + 3*o - 3. Let h = 134 - 124. Suppose 13 = 5*r - 2*b, 7*r + 8 = h*r - b. What is p(r)?
-3
Let w(j) = -25*j**2 - 16*j - 58. Let h(v) = 56*v**2 + 33*v + 119. Let t(y) = 4*h(y) + 9*w(y). What is t(-8)?
-14
Let v(p) be the second derivative of p - 27 + 1/12*p**4 - 9/2*p**2 - 5/3*p**3. Determine v(12).
15
Suppose 5*q - 12 = 3. Suppose 3*t + 2*t + 15 = -s, -q*s - 2*t = -20. Suppose z = -s + 12. Let w(c) = -c + 2. Determine w(z).
0
Let n(f) = f**2 + 2*f - 15. Suppose -7 = -25*i + 18. Let l be 3 + (i - 0) - (-120)/(-12). Calculate n(l).
9
Let d(r) = -3*r**3 + 4*r**2 - 2*r. Let w(z) = 45 + 3*z + 0*z - 7*z - 4*z. Let b be w(5). Let l be (-1)/(-5) - (4 - 29/b). Determine d(l).
-12
Let d(p) = 4*p**2 + 2*p - 2*p - 2*p - 4*p**3 + 3*p**3. Let u be d(2). Let g(c) = -3*c**2 - 44*c**3 + 45*c**3 + 2 + 80*c - 85*c. What is g(u)?
-2
Let m(p) be the third derivative of -p**5/60 + p**4/24 + p**3/3 - 4*p**2. Let x be 49/(-21) - 11/(-33). What is m(x)?
-4
Let m(g) = -50*g**2 - 43*g + 10. Let u(t) = -269*t**2 - 218*t + 50. Let h(n) = 16*m(n) - 3*u(n). Calculate h(4).
-14
Let i(w) = w. Let d be i(2). Let f(s) = 1 + 11*s**d - 1 - 1. Let k be (51/(-12) - -4)/(17 - (-1139)/(-68)). Determine f(k).
10
Suppose -13*f + 148 = -177. Let r = -21 + f. Let t be (r/(-10))/(-2) + 3/(-15). Let p(n) = n - 7. What is p(t)?
-7
Let i(g) be the third derivative of -7*g**5/20 - g**4/2 + 2*g**3 + 570*g**2. Give i(1).
-21
Let m(o) = 124*o**2 - 3*o - 3. Let n(p) = 75*p**2 - 2*p - 2. Let s(b) = 2*m(b) - 3*n(b). What is s(1)?
23
Let f(u) = -2*u - 18. Let z(w) = 2*w**3 - 30*w**2 + 120*w - 46. Let o be z(7). Calculate f(o).
-38
Let n(z) = -3*z + 5. Let k = -4 - 10. Let g(b) = 13*b - 113. Let l be g(8). Let s = l - k. Determine n(s).
-10
Let i(h) = -h + 17. Let t be 15 - (4/(-18) + (-11)/(-9)). Let b be i(t). Suppose 2*z + b = -11. Let r(d) = d**3 + 6*d**2 - 7*d + 6. Determine r(z).
6
Let v = -30 